7
Suppose 3*u - 3*o - 86238 = 0, 51*u - 46*u + 5*o = 143750. What are the prime factors of u?
2, 7187
Suppose 12492 + 14926 = 10*a - 4002. List the prime factors of a.
2, 1571
Let q(f) = -f**3 + 24*f**2 - 21*f + 17. Let a(d) = -4*d**3 + 92*d**2 - 2*d + 53. Let p be a(23). List the prime factors of q(p).
19, 37
Let l(j) = 9*j**3 - 3*j**2 + 7*j + 5. Suppose 2*k - 3*t = 9, -k - 4*k + 5*t = -20. List the prime factors of l(k).
2, 11
Let i = 12973 + -1872. What are the prime factors of i?
17, 653
Let p = 76 + -39. Suppose x + z + 5 = p, -x + 48 = -3*z. What are the prime factors of (x/(-12))/((-6)/70)?
5, 7
Suppose 3*o = 15*o + 408. Let n be 6/(-8)*102*(-52 - o). Suppose -6*b + n = -225. What are the prime factors of b?
3, 89
Suppose 7*r - 27948 + 5016 = 0. Suppose r = 10*d - d. What are the prime factors of d?
2, 7, 13
Suppose -7*l + 30*l = 644. Suppose -10*t + 2 = -l. What are the prime factors of t?
3
Suppose 51 = -4*k + 251. Suppose -3*r - 2 = -m + 8, -5*m - 3*r + k = 0. Suppose -2*d + 210 = 3*p, 0 = 4*p + p - m. List the prime factors of d.
2, 3, 17
Suppose 0 = 4*m + 2*u - 93468, 0 = -6*m + 11*m - u - 116842. List the prime factors of m.
2, 23, 127
Suppose -4*d + 8 = 4*t - 9*t, 3*d - 6 = 0. Suppose 0 = -2*b - 4*u + 124 + 26, -3*u - 9 = t. Let i = b + -38. What are the prime factors of i?
43
Suppose 4*m - 3*i + 5 = 16, i - 1 = -m. Suppose 0*n - 4*n - 474 = -m*f, 0 = -n - 1. Suppose -5*b = -f - 60. What are the prime factors of b?
59
Suppose -5*c - 4*c = -225. Suppose -154 = -2*s + t + c, 2*s - 188 = -2*t. What are the prime factors of s?
7, 13
Let v(l) = 42*l + 0*l + 1 + 0. Suppose -5 = -4*a + 3*r, 2*r - 4 = -7*a + 6*a. List the prime factors of v(a).
5, 17
List the prime factors of (-1)/(-15) - 184969738/(-5205).
35537
What are the prime factors of 5/60 + 23531/12?
37, 53
Suppose -3*m + 25143 = 3*k, 79*k - 33489 = -4*m + 82*k. List the prime factors of m.
2, 3, 349
Suppose 3*k + 7255 = 3*v - 1646, 5*v + 3*k - 14835 = 0. List the prime factors of v.
3, 23, 43
Let i be ((-2785)/(-3))/((-15)/(-45)). List the prime factors of i/(35/7) - (1 + 1).
3, 5, 37
Let o be (0 - -123)*(-20 + 19). Let l = 129 + o. What are the prime factors of l?
2, 3
Let v = 9482 - 3832. What are the prime factors of v?
2, 5, 113
Let d(g) = -4790*g + 234. List the prime factors of d(-15).
2, 3, 6007
Let w be 3 + (-6 - -5 - 1). What are the prime factors of (491/(-4))/((-30)/120) + w?
2, 3, 41
Suppose -32*o + 25*o = -5145. Let q = o - 264. What are the prime factors of q?
3, 157
Let j(m) = -1267*m - 919. List the prime factors of j(-8).
13, 709
What are the prime factors of 6/(-12) - (95574/(-12) + -1)?
3, 5, 59
Suppose -f - 5*g + 92261 = 38303, 12*g + 36 = 0. List the prime factors of f.
3, 1999
Let g(w) = w**2 - 10*w - 4. Let v be g(13). Suppose 11*c = v*c - 22080. What are the prime factors of c?
2, 5, 23
Let u(f) = 282*f - 1747. What are the prime factors of u(30)?
7, 137
Let r(x) = -x**3 - 15*x**2 + 18*x - 35. Let k be r(-17). Suppose 6*v + 213 + k = 0. Let m = v - -77. What are the prime factors of m?
2
Let v = -317 + 318. Let c = -22 + 17. List the prime factors of 3 - (c + v - 50).
3, 19
Let x = 698 + -191. Let m be (-3 + 5)*x/6. Suppose -2*o + 72 = 4*b - 40, -4*o = -3*b - m. What are the prime factors of o?
2, 23
Let w be -7*((-33 - 7) + -5). Let r = -13 + 34. Suppose -r = 3*a - w. List the prime factors of a.
2, 7
Let x be (-95)/(-15) + (-2)/6. Let k(i) be the second derivative of i**5/20 - 5*i**4/12 + 3*i**3/2 - 9*i**2/2 + 2*i + 5. List the prime factors of k(x).
3
Let a = 27 + -16. Let b(m) = -8*m**2 + m**3 + 12*m + m**2 - a*m + 4. What are the prime factors of b(7)?
11
Let v = 12159 + -724. What are the prime factors of v?
5, 2287
Let p be (4/4)/(17/5287). Let j = 383 - p. List the prime factors of j.
2, 3
Let c(n) = 31*n**2 - n - 2. Let w be c(-1). Suppose 3*r - w = -7*r. What are the prime factors of (-2)/(-7) - ((-2475)/35 - r)?
2, 37
Let k(b) = -b**3 + 7*b**2 - 34. Let u be k(6). Suppose 3*r = u*c + 19, -1 + 26 = r + 4*c. List the prime factors of 3/r + (-5)/(-3) - -17.
19
Let u = -483 + 741. List the prime factors of u.
2, 3, 43
List the prime factors of (-660)/2*(-157380)/1935.
2, 5, 11, 61
Let j = -2162 + 13685. List the prime factors of j.
3, 23, 167
Let t = 2145 - 426. Suppose -13*d = -7732 - t. List the prime factors of d.
727
Let u(y) = -505*y + 1161. What are the prime factors of u(-14)?
8231
Let t = -20 + 30. Suppose 7624 = -2*g + t*g. What are the prime factors of g?
953
Let j(k) = 5*k**2 - 18*k + 72. Let c(f) = -f + 1. Let l(h) = -3*c(h) + j(h). What are the prime factors of l(11)?
509
Let p(m) = 16*m**3 - 5*m**2 + 4*m + 5. Let w be p(4). Let x = w + -526. What are the prime factors of x?
439
Let z be -5 + -5 + 5*(2 - 1). Suppose 3*j - 13 = 11. List the prime factors of z/((-10)/(-4))*(-116)/j.
29
Suppose -4*m - 6*m + 47952 = -6*m. List the prime factors of m.
2, 3, 37
Let g(v) = 271*v - 788. Let q(w) = -54*w + 157. Let z(f) = -2*g(f) - 11*q(f). List the prime factors of z(5).
109
Suppose 0 = -313*f - 1933812 + 5903591. List the prime factors of f.
11, 1153
Let p = -4329 - -5471. List the prime factors of p.
2, 571
Let a(j) = 402*j - 585. What are the prime factors of a(48)?
3, 7, 11
Suppose -4*i + 39491 + 45527 = 5*s, -84946 = -4*i + 7*s. List the prime factors of i.
21247
Let g(r) = 200*r + 1. Let b be g(3). Let q be ((-27)/(-25) - 1) + 32928/8400. Suppose 4*o - b = -n + q*n, 4*o + 4*n = 636. What are the prime factors of o?
2, 7, 11
Let r(b) = 6*b**2 + 40*b - 2450. What are the prime factors of r(-63)?
2, 7, 673
Let p(m) = m**3 + 17*m**2 - 24*m - 14. Let g be p(-19). What are the prime factors of 0/((-5)/(25/(-20))) - g?
2, 5, 7
Let b = -121 - -191. Let d = 89 - b. Suppose d*m - 2672 = 3*m. What are the prime factors of m?
167
Let v = -24 - -18. Let f be (366/9)/(v/(-27)) + 0. Suppose -3*b + 48 = j, f = 5*j - 2*b - 2*b. List the prime factors of j.
3, 13
Let v(b) = -b**3 + 7*b**2 - 30*b + 17808. List the prime factors of v(0).
2, 3, 7, 53
Suppose 3*f = -4*l + 5768 - 1547, 3*l + f - 3172 = 0. Suppose -i - v + 265 = 0, 0*i - 5*v + l = 4*i. What are the prime factors of i?
2, 7, 19
Suppose 0*d = -3*d + 18*d - 30780. List the prime factors of d.
2, 3, 19
Let o = 37156 + -18082. What are the prime factors of o?
2, 3, 11, 17
Let q = -361 + 181. Let c = q - -308. Let g = c + -87. List the prime factors of g.
41
Let z = -124 + 132. Suppose -1200 = -12*i + z*i. Suppose 4*l + 3*x - i = 0, -2*l - 3*x - 168 = -4*l. What are the prime factors of l?
2, 3, 13
Let o(v) = -v**2 + 18*v + 19. Let k be o(19). Suppose -d + 489 - 324 = k. What are the prime factors of d?
3, 5, 11
Suppose -39*d + 13530 = -49*d. Let v = -897 - d. What are the prime factors of v?
2, 3, 19
Suppose 362669 = 5*d - 3*l, 4*d - 253*l - 290145 = -252*l. What are the prime factors of d?
2, 36269
Suppose -6*o - 296 = -2618. Let z = -136 + o. What are the prime factors of z?
251
Let s(i) = -11*i + 9. Let z(h) = -23*h + 19. Let a(q) = 13*s(q) - 6*z(q). Suppose 45*k + 3*f + 50 = 40*k, 3*k + 4*f = -41. List the prime factors of a(k).
2, 19
Suppose -3*o + 666 = -o. Let c = -163 + o. List the prime factors of (24/(-10))/(-1 + 166/c).
2, 3, 17
Let i = 202 - 207. What are the prime factors of ((-39)/i)/(11/330)?
2, 3, 13
Let h = 18930 - 10286. List the prime factors of h.
2, 2161
What are the prime factors of (-12183434)/(-403) + 2 + 48/(-26)?
2, 3779
Let o = -177 - -431. What are the prime factors of (-4 - -3) + -5 + o?
2, 31
Let n(r) = -r**3 + 112*r**2 - 6*r - 1121. List the prime factors of n(108).
44887
Suppose -4*u + 3*n = -202446, 7*u - 12*u + 253059 = -4*n. What are the prime factors of u?
3, 5623
What are the prime factors of (-96)/(-16) - -620*(-76)/(-8)?
2, 11, 67
Let b(t) = -10*t + 3*t**2 + 12 + 2*t**2 + 4 - 26 + t**3. List the prime factors of b(-6).
2, 7
Suppose -14*i = -6*i - 24. Let z be i + 17/(-6) + 526/12. Suppose 179 = 5*x + z. List the prime factors of x.
3
Let k(m) = 22*m**3 + 49*m**2 - 136*m - 25. Let q(o) = -7*o**3 - 16*o**2 + 45*o + 7. Let n(b) = -4*k(b) - 13*q(b). List the prime factors of n(5).
479
Let y(r) = 19*r**2 - 78*r - 813. List the prime factors of y(-14).
4003
Let a be (-6)/(36/10)*6. Let v(o) = 9*o - 12. Let r be v(a). Let t = -13 - r. List the prime factors of t